 is the highest common factor of 624 and 342888?
312
Calculate the highest common divisor of 2368 and 2215264.
1184
Calculate the highest common divisor of 706764 and 48.
12
Calculate the greatest common divisor of 3696 and 1072.
16
What is the highest common divisor of 41 and 81426?
41
What is the highest common factor of 4320 and 178080?
480
Calculate the greatest common divisor of 684320 and 490.
70
Calculate the highest common factor of 19029 and 39.
3
Calculate the highest common factor of 225408 and 12.
12
Calculate the greatest common factor of 1872 and 99504.
144
Calculate the highest common divisor of 729 and 3699.
27
Calculate the highest common factor of 1608 and 2187282.
402
What is the highest common factor of 6 and 16029?
3
Calculate the greatest common divisor of 8912 and 144.
16
What is the greatest common divisor of 1788 and 48?
12
Calculate the greatest common divisor of 1176 and 37779.
147
What is the highest common divisor of 5 and 264295?
5
What is the greatest common factor of 3318611 and 129?
43
What is the greatest common factor of 595 and 2818005?
85
Calculate the highest common divisor of 28224 and 96.
96
What is the highest common factor of 298376 and 26?
26
Calculate the highest common factor of 1126163 and 17648.
1103
What is the highest common factor of 3630 and 253374?
726
Calculate the highest common divisor of 466 and 40.
2
Calculate the greatest common factor of 292 and 22703.
73
Calculate the greatest common divisor of 112 and 2525964.
28
What is the greatest common divisor of 30134 and 152?
38
What is the highest common divisor of 3760 and 820?
20
Calculate the greatest common factor of 224782 and 668.
334
Calculate the highest common factor of 312 and 675948.
156
Calculate the highest common factor of 368608 and 32.
32
Calculate the greatest common divisor of 156 and 15002.
26
Calculate the greatest common factor of 15350 and 50.
50
Calculate the greatest common factor of 12590 and 1250.
10
What is the greatest common divisor of 6 and 19131?
3
Calculate the highest common factor of 2938 and 39098.
226
Calculate the greatest common divisor of 20502 and 342.
18
Calculate the highest common divisor of 159770 and 10.
10
What is the highest common factor of 1505 and 41965?
35
Calculate the highest common divisor of 170901 and 306.
153
Calculate the greatest common factor of 81 and 67203.
27
Calculate the greatest common factor of 8989 and 16109.
89
What is the highest common factor of 474498 and 4545?
909
Calculate the highest common divisor of 301665 and 35.
35
Calculate the greatest common factor of 1128 and 7849.
47
Calculate the greatest common factor of 11079 and 27.
9
What is the greatest common factor of 92276 and 42619?
391
Calculate the greatest common divisor of 96256 and 188.
188
What is the greatest common factor of 30806 and 376424?
422
Calculate the highest common factor of 1032 and 1320.
24
Calculate the highest common factor of 48 and 183600.
48
Calculate the highest common divisor of 26 and 3015883.
13
Calculate the greatest common divisor of 230 and 34250.
10
Calculate the highest common divisor of 3626 and 210.
14
Calculate the greatest common factor of 1446812 and 228.
76
Calculate the highest common factor of 28089 and 36.
9
What is the highest common divisor of 15385 and 935?
85
Calculate the greatest common divisor of 37503 and 891.
81
What is the greatest common divisor of 22983 and 282?
141
Calculate the highest common divisor of 1314 and 10620.
18
Calculate the highest common divisor of 1592589 and 46.
23
What is the greatest common divisor of 25 and 542805?
5
What is the greatest common divisor of 1826 and 10375?
83
What is the highest common factor of 2010712 and 4818?
1606
Calculate the greatest common divisor of 430882 and 3496.
874
What is the greatest common divisor of 15200 and 1083?
19
Calculate the greatest common divisor of 80 and 6530.
10
What is the greatest common factor of 661510 and 249?
83
Calculate the highest common divisor of 597 and 3231561.
597
Calculate the highest common factor of 28974 and 273058.
878
Calculate the highest common divisor of 96727 and 9329.
491
Calculate the highest common divisor of 3656250 and 585.
585
What is the highest common divisor of 18221 and 8512?
133
Calculate the greatest common factor of 28375 and 454.
227
What is the highest common divisor of 1012 and 6532?
92
What is the greatest common factor of 4518 and 19076?
502
Calculate the greatest common factor of 4743 and 496.
31
What is the highest common divisor of 10 and 501455?
5
Calculate the greatest common factor of 3892 and 19243.
7
Calculate the highest common factor of 789 and 93.
3
What is the greatest common factor of 1274286 and 13?
13
Calculate the greatest common factor of 324 and 125964.
36
Calculate the greatest common divisor of 986 and 14042.
34
Calculate the highest common divisor of 1316 and 1402.
2
What is the highest common divisor of 2816 and 524?
4
What is the greatest common factor of 2272 and 2592?
32
Calculate the highest common factor of 1424 and 64.
16
What is the greatest common divisor of 106 and 69854?
106
What is the highest common factor of 5198 and 4462?
46
What is the highest common divisor of 25019 and 1143?
127
What is the highest common divisor of 190007 and 11797?
251
What is the greatest common divisor of 1023 and 24420?
33
Calculate the highest common divisor of 156 and 73104.
12
What is the greatest common divisor of 12 and 3313356?
12
What is the greatest common divisor of 896 and 75222?
14
What is the highest common divisor of 59914 and 2030?
58
What is the highest common factor of 33 and 3751?
11
Calculate the highest common divisor of 1574846 and 1638.
182
Calculate the greatest common factor of 2400 and 1650.
150
Calculate the greatest common divisor of 176750 and 7250.
250
Calculate the greatest common divisor of 3819960 and 288.
72
Calculate the highest common divisor of 25145 and 17869.
107
What is the highest common divisor of 65940 and 20?
20
Calculate the greatest common factor of 135 and 2305755.
45
What is the greatest common factor of 919806 and 6?
6
Calculate the greatest common factor of 89 and 448115.
89
Calculate the highest common divisor of 176 and 27478.
22
What is the greatest common factor of 26180 and 490?
70
Calculate the highest common factor of 675 and 880335.
135
What is the greatest common divisor of 7027955 and 165?
55
Calculate the greatest common divisor of 2099935 and 148.
37
Calculate the highest common factor of 388 and 16.
4
Calculate the highest common factor of 10040 and 314.
2
What is the highest common factor of 224 and 5792?
32
What is the greatest common factor of 25186 and 196?
98
What is the highest common factor of 121145 and 5?
5
What is the highest common factor of 14945 and 29585?
305
Calculate the highest common divisor of 896 and 22036.
28
Calculate the greatest common factor of 1475 and 12449.
59
Calculate the greatest common divisor of 4471 and 3094.
17
Calculate the greatest common factor of 19056 and 13536.
48
Calculate the greatest common factor of 391731 and 51.
51
What is the highest common divisor of 69 and 7912?
23
What is the highest common divisor of 38606 and 970?
194
Calculate the greatest common factor of 189 and 2751.
21
What is the greatest common divisor of 87945 and 325?
65
What is the greatest common divisor of 864 and 121248?
288
What is the greatest common factor of 42851 and 511?
73
Calculate the highest common factor of 554162 and 161.
161
What is the greatest common divisor of 31626 and 12?
6
Calculate the highest common factor of 36 and 272376.
36
What is the highest common factor of 3488 and 40?
8
Calculate the greatest common divisor of 6801144 and 42.
42
Calculate the greatest common divisor of 756624 and 198.
66
What is the greatest common divisor of 13064 and 828?
92
Calculate the highest common factor of 43110 and 270.
90
What is the highest common divisor of 3560 and 1360?
40
What is the greatest common divisor of 625 and 28725?
25
Calculate the highest common divisor of 43 and 99846.
43
What is the greatest common divisor of 1507775 and 2942?
1471
Calculate the greatest common factor of 275 and 168102.
11
What is the greatest common factor of 4 and 823008?
4
Wh